- 167 = s. What are the prime factors of k?
5, 11
Let h(g) be the third derivative of -g**6/15 + g**4/12 + 2*g**3/3 + 18*g**2. What are the prime factors of h(-2)?
2
Let y(b) = -b**2 + 10*b - 19. Let s be y(8). What are the prime factors of (2 - 12/10)/(s/(-90))?
2, 3
Suppose 3*z + j = -z + 19, 12 = 3*z + 3*j. Suppose 3*c - z*h = 323, 0*c - 2*h = -c + 106. List the prime factors of c.
2, 29
Let z(b) = b + 4 + 8*b**2 + 7 - 11. Let p be 0 - -3 - (-1 + 2). List the prime factors of z(p).
2, 17
Let s = 3931 - 5620. Let q be 2/6 - s/9. Suppose -2*l - 2*l = -m + 47, -4*m + q = -2*l. What are the prime factors of m?
47
Let r(p) = -p**3 - 4*p**2 - 7*p - 13. Suppose 0 = -4*u - 4*z - 32, -4*z = 4*u - 3*u + 14. What are the prime factors of r(u)?
101
Let c = -9 + 30. Let u be 7/(c/6) - 2. Suppose u = 2*f + 43 - 115. What are the prime factors of f?
2, 3
Let a(t) = t + 4. Let f be a(-4). Suppose 5*d - 3*d - 4 = f, 4*s - 6 = d. Suppose 216 = 6*w - s*w. List the prime factors of w.
2, 3
Suppose -3*a + 1480 = -4*k, -3*a + 68*k = 71*k - 1452. What are the prime factors of a?
2, 61
List the prime factors of 3/9*(5669 + 4 + -6).
1889
Let f(v) = v**2 - 15*v - 116. What are the prime factors of f(37)?
2, 349
Let a = -99 + -89. Let j = -86 - a. List the prime factors of j.
2, 3, 17
What are the prime factors of (1 - -3) + (-6 - -6046)/8?
3, 11, 23
Let c be -1 - (15 - (-6)/(-2)). Let b(u) = -u**2 - 11*u + 2. Let m be b(c). What are the prime factors of m/14*(-245)/10?
2, 3, 7
What are the prime factors of -2 + (-8 - (-2064 - -6))?
2
Let y(m) = -m**2 + 8*m + 12 + 16*m - m. What are the prime factors of y(11)?
2, 3
List the prime factors of 104/(((-2)/8)/(13 - 17)).
2, 13
Let z = 173 - 143. List the prime factors of z.
2, 3, 5
Suppose 8 = 14*d - 12*d. Let t be 2 - -1 - (d + -11). Suppose 7*r = t*r - 147. List the prime factors of r.
7
Suppose -10*s - 6 = -4*s. What are the prime factors of 3450/(-45)*(11/(-5) - s)?
2, 23
Let z = -10 + 12. Suppose 0 = -z*p - p + 5*b, -p - 4*b = -17. What are the prime factors of p?
5
Let q = 539 - -3451. What are the prime factors of q?
2, 3, 5, 7, 19
Let z(h) be the first derivative of -h**4/4 + 3*h**3 - 2*h**2 - 6*h + 15. What are the prime factors of z(6)?
2, 3, 13
Let f(v) = v**3 - 3*v**2 - 3*v + 12. Let i be f(6). Suppose 5*h - 4*y = -5*y + 255, -2*h - 5*y + i = 0. What are the prime factors of h?
3, 17
Let v(b) = 33*b**2 - 29*b + 196. List the prime factors of v(7).
2, 5, 7, 23
Let k(u) = 5*u**2 - 6*u + 4. What are the prime factors of k(8)?
2, 3, 23
Let h = 10 + -4. Let w be 3/(0 + h)*-30. Let q = w - -37. What are the prime factors of q?
2, 11
Let y = 0 - -135. List the prime factors of (-18)/y + (-1232)/(-15).
2, 41
Suppose 4*x - 23*x = -1026. Let s be 4/(2/4 - 0). Let k = s + x. What are the prime factors of k?
2, 31
List the prime factors of 1/2 + 39102/76.
5, 103
Suppose l + 5*o - 660 - 90 = 0, l - 2*o - 764 = 0. List the prime factors of l.
2, 5, 19
Let q(f) be the third derivative of -f**6/120 - f**5/15 + f**4/4 - f**3/6 - 3*f**2. Let m be q(-6). Suppose 4*c = -3 + m. What are the prime factors of c?
2
Let g(b) = 124*b**2 - 8*b - 1. What are the prime factors of g(3)?
1091
Let u = 818 + -218. Suppose -4*q = 2*g - 240, 5*g - 3*q + q = u. What are the prime factors of g?
2, 3, 5
Suppose o - 173 = -184. Let h = o - -263. List the prime factors of h.
2, 3, 7
Suppose 0 = -a - 3*g + 10, 2*a + 2*g + 0*g - 12 = 0. Suppose 140 = m + a*j, 268 = 2*m - 0*j + 2*j. Suppose 5*u = u + m. What are the prime factors of u?
3, 11
Let p be (-2)/5 + (-48)/(-20). Suppose 28 - 114 = -p*c. List the prime factors of c.
43
Suppose 5*n - 4*l = 5805, 5*l - 2322 = -5*n + 3*n. What are the prime factors of n?
3, 43
Suppose -11 + 14 = d. Suppose 2*m + 291 = 7*m - 2*g, 0 = 2*m + d*g - 124. List the prime factors of m.
59
Let s be (3 - 2) + (-3 - -2). Suppose s = 4*t + 8 - 20. What are the prime factors of (-16)/(-6) + 1/t?
3
Suppose -8*y + 990 = 2*y. Let w = y - 35. What are the prime factors of w?
2
Let g(b) = b**2 - 2*b - 3. Let r = 13 - 17. List the prime factors of g(r).
3, 7
Suppose 2*h = 5*h - 3*w - 15, 18 = 4*h - 2*w. Suppose -4*l = h*q - 24, -4*l + 0*q + 14 = -q. Suppose -l*f + 25 = -31. List the prime factors of f.
2, 7
Let f be (-3)/(-12) - (-4)/(-16). Suppose f = -0*n - n + 6. List the prime factors of n.
2, 3
Let f(i) = -1. Let h(s) = 4*s - 1. Let m(z) = -6*f(z) + h(z). Let g(b) = -b**2 + 7*b - 6. Let n be g(5). What are the prime factors of m(n)?
3, 7
Let h = 7 + 135. Suppose -3*g - b + h = 0, -161 = -5*g - 3*b + 81. What are the prime factors of g?
2, 23
Let j(n) = n**2 + 3*n - 4. Let z(g) = g**2 - 8*g + 8. Let v be z(6). Let b be j(v). Suppose 2*x + 0*p + 2*p = 62, b = p - 5. What are the prime factors of x?
2, 13
Let t(k) = -k**2 - 2*k + 936. Let b be t(0). Suppose 14*p = 5*p + b. List the prime factors of p.
2, 13
Let b = 118 + -69. Let i = b - 35. What are the prime factors of i?
2, 7
Let o be 90 + -94 - (-67 - 1). Let b = -3 - -20. Suppose 2*t + o = 5*c, c + t - b = -0*c. What are the prime factors of c?
2, 7
Let t = 30 - 15. Suppose 0 = -34*h + 136 + 544. Suppose x - t - h = 0. What are the prime factors of x?
5, 7
Let c = -2731 - -5654. List the prime factors of c.
37, 79
Let y be (2/(-4))/(5/30). Suppose 0 = 2*x + 34 + 54. List the prime factors of (4 - x)/(y/(-2)).
2
Let z be 1/(-2)*-1*10. Let w(u) = -u**3 + 7*u**2 - 5*u - 2. List the prime factors of w(z).
23
Suppose 8*o - 4*o = 180. Suppose 0 = -8*f + 3*f + 3*y + 249, 0 = f + y - o. What are the prime factors of f?
2, 3
Let w(q) = 12*q**2 + 9*q + 33. Let r(d) = -6*d**2 - 4*d - 17. Let j(o) = 7*r(o) + 4*w(o). What are the prime factors of j(-3)?
43
Let v(m) = m**3 + 9*m**2 + 8*m + 7. Suppose z + w + 13 = 0, 2*w + 14 = -5*z - 36. What are the prime factors of v(z)?
7
Let s be 0/(2 + 0/(-4)). Suppose -5*l + 47 = -z, -32 + s = -4*l - 2*z. List the prime factors of (5 - l)*(-13)/4.
13
Let y(p) = -p**2 - 13*p + 19. Let i be y(-14). Suppose 0 = -i*t - 158 + 723. List the prime factors of t.
113
Let a = -30 - -16. Let d(f) = -2*f**3 + 22*f**2 - 4*f + 4. Let k be d(11). Let o = a - k. List the prime factors of o.
2, 13
Suppose 3*b - 2*o - 2 = 0, -3*b - 5*o = 2 + 3. Suppose b = 5*h + 5*d - 30, -h - 3 = 5*d - 9. Suppose x = h + 18. What are the prime factors of x?
2, 3
Suppose -19*h = -h - 7542. Suppose -h = -4*z - 19. List the prime factors of z.
2, 5
Let w(g) = g**2 + 19*g + 91. Let b be w(-8). Suppose h = -s + 4*s + 8, -4*h = -2*s - 32. What are the prime factors of b*h - (0 - 0)?
2, 3
Suppose -19*h + 1716 + 792 = 0. List the prime factors of h.
2, 3, 11
Let s(h) = -2*h**3 + 5*h**2 - 9*h + 16. Let q be s(4). Let n = -21 - q. List the prime factors of n.
47
Let y = 157 + -173. Suppose 0 = 2*a - 5*r - 30, -2*a + 4*r - 5*r = -18. Let x = a - y. List the prime factors of x.
2, 13
Suppose -4*w + 18 = -g, -8 = -0*g + 4*g. Suppose 5*k = 0, k - 184 = -w*q - 12. List the prime factors of q.
43
List the prime factors of (-33)/6*(12 - 282).
3, 5, 11
What are the prime factors of (-3)/(1*(-6)/3222)?
3, 179
Suppose -m + 4*p + 7 = 0, 0 = 2*m + 2*p - 0*p - 4. Let d = m + 14. Suppose 45 = 2*z - d. What are the prime factors of z?
31
Let s be (-1 - 8/(-6))/((-3)/(-603)). Suppose 0 = -i - 4*x + s, -2*i + 114 = 4*x - 36. What are the prime factors of i?
83
Let a(o) = -o + 5. Let k be a(1). Suppose 7 = k*s - 1. List the prime factors of s.
2
Suppose 30*b - 22*b = 328. What are the prime factors of b?
41
Suppose -12*m + 50 = 146. List the prime factors of 109 - 7/((-28)/m).
107
Suppose 60 = -3*w + 15. What are the prime factors of -3*1/(w/170)?
2, 17
Let s = 39 + -31. Let b(n) = n - 3. What are the prime factors of b(s)?
5
Suppose -v - 2*x + 118 = 11, 4*v + 5*x = 416. What are the prime factors of v?
3, 11
Let v be 11 + (-2 - (-2)/1). Suppose -255 = -v*i + 6*i. What are the prime factors of i?
3, 17
List the prime factors of (-3808)/(-2) + -24 + 21.
1901
List the prime factors of 6*(4923/27 - 3).
2, 269
Suppose 34024 = 3462*h - 3454*h. List the prime factors of h.
4253
Suppose -z - 2*z - 2*b + 9102 = 0, 5*b = 3*z - 9081. What are the prime factors of z?
2, 379
Suppose 0 = -26*j + 152842 - 38988. List the prime factors of j.
29, 151
Let b(a) = 41*a**2 + 3*a + 4. Suppose -2*j - 6 = 0, -2*j - 7 = 2*u + 1.